{"id":439,"date":"2017-10-03T17:09:10","date_gmt":"2017-10-03T15:09:10","guid":{"rendered":"http:\/\/journalisme-info.ejdg.fr\/?page_id=439"},"modified":"2024-03-15T15:24:23","modified_gmt":"2024-03-15T14:24:23","slug":"qui-sommes-nous","status":"publish","type":"page","link":"http:\/\/journalismes-info.ejdg.fr\/index.php\/qui-sommes-nous\/","title":{"rendered":"Qui sommes-nous?"},"content":{"rendered":"<p>[et_pb_section bb_built=\u00a0\u00bb1&Prime;][et_pb_row][et_pb_column type=\u00a0\u00bb4_4&Prime;][et_pb_text _builder_version=\u00a0\u00bb3.0.75&Prime; background_layout=\u00a0\u00bblight\u00a0\u00bb border_style=\u00a0\u00bbsolid\u00a0\u00bb]<\/p>\n<p><em>Journalismes info<\/em> est n\u00e9 en 2007, \u00e0 l&rsquo;initiative de Nathalie Pignard-Cheynel, alors ma\u00eetresse de conf\u00e9rences \u00e0 l&rsquo;Ecole de Journalisme de Grenoble (EJDG). L\u2019objectif ? Que les \u00e9tudiant.es apprennent \u00e0 \u00e9crire pour le web, tout en interrogeant les \u00e9volutions du journalisme en ligne. Pratiques et comp\u00e9tences professionnelles, acteurs et identit\u00e9s \u00e9ditoriales, outils et mod\u00e8les \u00e9conomiques, \u00e9critures, formats et audiences : autant d\u2019\u00e9l\u00e9ments reconfigur\u00e9s par le num\u00e9rique, dont il sera question ici.<\/p>\n<p>La r\u00e9daction de <em>Journalismes info<\/em> s&rsquo;est d\u00e9localis\u00e9e aux Entretiens du web-journalisme de Metz en 2013, se rend aux Assises du journalisme depuis 2014, et au Festival International du Journalisme (\u00e0 P\u00e9rouse, en Italie) depuis 2017. Ces rendez-vous du journalisme sont l&rsquo;occasion pour nos r\u00e9dacteurs de recueillir chiffres, t\u00e9moignages, analyses ou r\u00e9cits aupr\u00e8s de journalistes, <a href=\"http:\/\/xn--dveloppeurs-bbb.es\">d\u00e9veloppeurs.se.s<\/a>, graphistes, patron.ne.s, <a href=\"http:\/\/chercheurs.es\">chercheurs.se.s<\/a>, expert.e.s, ou encore utilisateurs.rice.s.<\/p>\n<p>Ces d\u00e9placements sont aussi l&rsquo;occasion d&rsquo;exp\u00e9rimenter de nouveaux outils et formats sur le terrain : Mojo, \u00ab&nbsp;<em>stories<\/em>&nbsp;\u00bb, lives, management de r\u00e9seaux sociaux, etc.<\/p>\n<p>Ce sont, en tout, plus de quinze promotions de journalistes en devenir qui ont contribu\u00e9 \u00e0 faire grandir <em>Journalismes info<\/em>, sous la houlette de Nathalie Pignard-Cheynel, Florent Bouchardeau, Ana Carolina Alves Luz Pinto, Chlo\u00eb Salles et Emmanuel Marty.<\/p>\n","protected":false},"excerpt":{"rendered":"","protected":false},"author":2,"featured_media":0,"parent":0,"menu_order":0,"comment_status":"closed","ping_status":"closed","template":"","meta":[],"_links":{"self":[{"href":"http:\/\/journalismes-info.ejdg.fr\/index.php\/wp-json\/wp\/v2\/pages\/439"}],"collection":[{"href":"http:\/\/journalismes-info.ejdg.fr\/index.php\/wp-json\/wp\/v2\/pages"}],"about":[{"href":"http:\/\/journalismes-info.ejdg.fr\/index.php\/wp-json\/wp\/v2\/types\/page"}],"author":[{"embeddable":true,"href":"http:\/\/journalismes-info.ejdg.fr\/index.php\/wp-json\/wp\/v2\/users\/2"}],"replies":[{"embeddable":true,"href":"http:\/\/journalismes-info.ejdg.fr\/index.php\/wp-json\/wp\/v2\/comments?post=439"}],"version-history":[{"count":6,"href":"http:\/\/journalismes-info.ejdg.fr\/index.php\/wp-json\/wp\/v2\/pages\/439\/revisions"}],"predecessor-version":[{"id":10887,"href":"http:\/\/journalismes-info.ejdg.fr\/index.php\/wp-json\/wp\/v2\/pages\/439\/revisions\/10887"}],"wp:attachment":[{"href":"http:\/\/journalismes-info.ejdg.fr\/index.php\/wp-json\/wp\/v2\/media?parent=439"}],"curies":[{"name":"wp","href":"https:\/\/api.w.org\/{rel}","templated":true}]}}

<p>[et_pb_section bb_built= »1&Prime;][et_pb_row][et_pb_column type= »4_4&Prime;][et_pb_text _builder_version= »3.0.75&Prime; background_layout= »light » border_style= »solid »]</p>
<p><em>Journalismes info</em> est né en 2007, à l&rsquo;initiative de Nathalie Pignard-Cheynel, alors maîtresse de conférences à l&rsquo;Ecole de Journalisme de Grenoble (EJDG). L’objectif ? Que les étudiant.es apprennent à écrire pour le web, tout en interrogeant les évolutions du journalisme en ligne. Pratiques et compétences professionnelles, acteurs et identités éditoriales, outils et modèles économiques, écritures, formats et audiences : autant d’éléments reconfigurés par le numérique, dont il sera question ici.</p>
<p>La rédaction de <em>Journalismes info</em> s&rsquo;est délocalisée aux Entretiens du web-journalisme de Metz en 2013, se rend aux Assises du journalisme depuis 2014, et au Festival International du Journalisme (à Pérouse, en Italie) depuis 2017. Ces rendez-vous du journalisme sont l&rsquo;occasion pour nos rédacteurs de recueillir chiffres, témoignages, analyses ou récits auprès de journalistes, <a href="http://xn--dveloppeurs-bbb.es">développeurs.se.s</a>, graphistes, patron.ne.s, <a href="http://chercheurs.es">chercheurs.se.s</a>, expert.e.s, ou encore utilisateurs.rice.s.</p>
<p>Ces déplacements sont aussi l&rsquo;occasion d&rsquo;expérimenter de nouveaux outils et formats sur le terrain : Mojo, «&nbsp;<em>stories</em>&nbsp;», lives, management de réseaux sociaux, etc.</p>
<p>Ce sont, en tout, plus de quinze promotions de journalistes en devenir qui ont contribué à faire grandir <em>Journalismes info</em>, sous la houlette de Nathalie Pignard-Cheynel, Florent Bouchardeau, Ana Carolina Alves Luz Pinto, Chloë Salles et Emmanuel Marty.</p>
